{"id":925,"date":"2021-09-26T22:10:13","date_gmt":"2021-09-26T22:10:13","guid":{"rendered":"https:\/\/xn--bro349-3ya.ch\/?page_id=925"},"modified":"2023-09-23T12:50:34","modified_gmt":"2023-09-23T12:50:34","slug":"partnerfirmen","status":"publish","type":"page","link":"https:\/\/xn--bro349-3ya.ch\/?page_id=925","title":{"rendered":"Partnerfirmen"},"content":{"rendered":"\t\t<div data-elementor-type=\"wp-post\" data-elementor-id=\"925\" class=\"elementor elementor-925\">\n\t\t\t\t\t\t<section class=\"elementor-section elementor-top-section elementor-element elementor-element-e471cfd elementor-section-boxed elementor-section-height-default elementor-section-height-default\" data-id=\"e471cfd\" data-element_type=\"section\" data-e-type=\"section\" data-settings=\"{&quot;background_background&quot;:&quot;classic&quot;}\">\n\t\t\t\t\t\t<div class=\"elementor-container elementor-column-gap-default\">\n\t\t\t\t\t<div class=\"elementor-column elementor-col-33 elementor-top-column elementor-element elementor-element-a020d90\" data-id=\"a020d90\" data-element_type=\"column\" data-e-type=\"column\">\n\t\t\t<div class=\"elementor-widget-wrap\">\n\t\t\t\t\t\t\t<\/div>\n\t\t<\/div>\n\t\t\t\t<div class=\"elementor-column elementor-col-33 elementor-top-column elementor-element elementor-element-3b829a3\" data-id=\"3b829a3\" data-element_type=\"column\" data-e-type=\"column\">\n\t\t\t<div class=\"elementor-widget-wrap elementor-element-populated\">\n\t\t\t\t\t\t<div class=\"elementor-element elementor-element-5357501 elementor-widget elementor-widget-heading\" data-id=\"5357501\" data-element_type=\"widget\" data-e-type=\"widget\" data-widget_type=\"heading.default\">\n\t\t\t\t<div class=\"elementor-widget-container\">\n\t\t\t\t\t<h1 class=\"elementor-heading-title elementor-size-xl\"><a href=\"https:\/\/gs-planer.ch\">Faktor G GmbH<\/a><\/h1>\t\t\t\t<\/div>\n\t\t\t\t<\/div>\n\t\t\t\t<div class=\"elementor-element elementor-element-b107871 elementor-widget elementor-widget-text-editor\" data-id=\"b107871\" data-element_type=\"widget\" data-e-type=\"widget\" data-widget_type=\"text-editor.default\">\n\t\t\t\t<div class=\"elementor-widget-container\">\n\t\t\t\t\t\t\t\t\t<p>Seit 2022 arbeiten wir mit der Partnerfirma <strong>Faktor G GmbH<\/strong> zusammen.&nbsp;<\/p><p>Die grosse Erfahrung in der Spital- und Laborplanung sowie von komplexem Anlagen werden von der B\u00fcro 349 GmbH weitergegeben um so mittelfristig die Kontinuit\u00e4t f\u00fcr unsere Kundschaft sicherzustellen.&nbsp;<\/p>\n<pre><strong>Faktor G GmbH<br><\/strong><a href=\"https:\/\/faktorg.ch\">www.faktorg.ch<\/a><br>m.nachmansohn@faktorg.ch<\/pre>\t\t\t\t\t\t\t\t<\/div>\n\t\t\t\t<\/div>\n\t\t\t\t\t<\/div>\n\t\t<\/div>\n\t\t\t\t<div class=\"elementor-column elementor-col-33 elementor-top-column elementor-element elementor-element-b590d11\" data-id=\"b590d11\" data-element_type=\"column\" data-e-type=\"column\">\n\t\t\t<div class=\"elementor-widget-wrap\">\n\t\t\t\t\t\t\t<\/div>\n\t\t<\/div>\n\t\t\t\t\t<\/div>\n\t\t<\/section>\n\t\t\t\t<section class=\"elementor-section elementor-top-section elementor-element elementor-element-b9e71ba elementor-section-boxed elementor-section-height-default elementor-section-height-default\" data-id=\"b9e71ba\" data-element_type=\"section\" data-e-type=\"section\" data-settings=\"{&quot;background_background&quot;:&quot;classic&quot;}\">\n\t\t\t\t\t\t<div class=\"elementor-container elementor-column-gap-default\">\n\t\t\t\t\t<div class=\"elementor-column elementor-col-33 elementor-top-column elementor-element elementor-element-59491b2\" data-id=\"59491b2\" data-element_type=\"column\" data-e-type=\"column\">\n\t\t\t<div class=\"elementor-widget-wrap\">\n\t\t\t\t\t\t\t<\/div>\n\t\t<\/div>\n\t\t\t\t<div class=\"elementor-column elementor-col-33 elementor-top-column elementor-element elementor-element-6c41ad8\" data-id=\"6c41ad8\" data-element_type=\"column\" data-e-type=\"column\">\n\t\t\t<div class=\"elementor-widget-wrap elementor-element-populated\">\n\t\t\t\t\t\t<div class=\"elementor-element elementor-element-7f40936 elementor-widget elementor-widget-heading\" data-id=\"7f40936\" data-element_type=\"widget\" data-e-type=\"widget\" data-widget_type=\"heading.default\">\n\t\t\t\t<div class=\"elementor-widget-container\">\n\t\t\t\t\t<h1 class=\"elementor-heading-title elementor-size-xl\"><a href=\"https:\/\/gs-planer.ch\">Planwerkstatt R\u00fcegg AG<\/a><\/h1>\t\t\t\t<\/div>\n\t\t\t\t<\/div>\n\t\t\t\t<div class=\"elementor-element elementor-element-01c7da8 elementor-widget elementor-widget-text-editor\" data-id=\"01c7da8\" data-element_type=\"widget\" data-e-type=\"widget\" data-widget_type=\"text-editor.default\">\n\t\t\t\t<div class=\"elementor-widget-container\">\n\t\t\t\t\t\t\t\t\t<p>Die Zusammenarbeit mit der <strong>Planwerkstatt R\u00fcegg<\/strong> besteht seit 2017.<\/p><p>Um das Fachwissen aus verschiedenen Bereichen zu vereinen, arbeite wir in interdisziplin\u00e4ren Teams. So k\u00f6nnen wir mit Experten aus verschiedenen Bereichen zusammenarbeiten.<\/p><p>Unser Ziel ist es, mehrere Perspektiven zu integrieren, damit innovative L\u00f6sungen entwickelt werden k\u00f6nnen.<\/p><pre><strong>Planwerkstatt R\u00fcegg AG<br \/><\/strong><a href=\"https:\/\/planwerkstatt-rueegg.ch\">www.planwerkstatt-rueegg.ch<\/a><br \/>ar@planwerkstatt<a href=\"mailto:ar@planwerkstatt-rueegg.ch&quot;\">-<\/a>rueegg.ch<\/pre>\t\t\t\t\t\t\t\t<\/div>\n\t\t\t\t<\/div>\n\t\t\t\t\t<\/div>\n\t\t<\/div>\n\t\t\t\t<div class=\"elementor-column elementor-col-33 elementor-top-column elementor-element elementor-element-5fbbd73\" data-id=\"5fbbd73\" data-element_type=\"column\" data-e-type=\"column\">\n\t\t\t<div class=\"elementor-widget-wrap\">\n\t\t\t\t\t\t\t<\/div>\n\t\t<\/div>\n\t\t\t\t\t<\/div>\n\t\t<\/section>\n\t\t\t\t<\/div>\n\t\t","protected":false},"excerpt":{"rendered":"<p>Faktor G GmbH Seit 2022 arbeiten wir mit der Partnerfirma Faktor G GmbH zusammen.&nbsp; Die grosse Erfahrung in der Spital- und Laborplanung sowie von komplexem Anlagen werden von der B\u00fcro 349 GmbH weitergegeben um so mittelfristig die Kontinuit\u00e4t f\u00fcr unsere Kundschaft sicherzustellen.&nbsp; Faktor G GmbHwww.faktorg.chm.nachmansohn@faktorg.ch Planwerkstatt R\u00fcegg AG Die Zusammenarbeit mit der Planwerkstatt R\u00fcegg besteht [&hellip;]<\/p>\n","protected":false},"author":1,"featured_media":0,"parent":0,"menu_order":0,"comment_status":"closed","ping_status":"closed","template":"page-templates\/pagebuilder.php","meta":{"zakra_page_container_layout":"stretched","zakra_page_sidebar_layout":"no_sidebar","zakra_remove_content_margin":false,"zakra_sidebar":"customizer","zakra_transparent_header":"0","zakra_logo":0,"zakra_main_header_style":"default","zakra_menu_item_color":"","zakra_menu_item_hover_color":"","zakra_menu_item_active_color":"","zakra_menu_active_style":"style-1","zakra_page_header":false,"footnotes":""},"class_list":["post-925","page","type-page","status-publish","hentry"],"_links":{"self":[{"href":"https:\/\/xn--bro349-3ya.ch\/index.php?rest_route=\/wp\/v2\/pages\/925","targetHints":{"allow":["GET"]}}],"collection":[{"href":"https:\/\/xn--bro349-3ya.ch\/index.php?rest_route=\/wp\/v2\/pages"}],"about":[{"href":"https:\/\/xn--bro349-3ya.ch\/index.php?rest_route=\/wp\/v2\/types\/page"}],"author":[{"embeddable":true,"href":"https:\/\/xn--bro349-3ya.ch\/index.php?rest_route=\/wp\/v2\/users\/1"}],"replies":[{"embeddable":true,"href":"https:\/\/xn--bro349-3ya.ch\/index.php?rest_route=%2Fwp%2Fv2%2Fcomments&post=925"}],"version-history":[{"count":52,"href":"https:\/\/xn--bro349-3ya.ch\/index.php?rest_route=\/wp\/v2\/pages\/925\/revisions"}],"predecessor-version":[{"id":1004,"href":"https:\/\/xn--bro349-3ya.ch\/index.php?rest_route=\/wp\/v2\/pages\/925\/revisions\/1004"}],"wp:attachment":[{"href":"https:\/\/xn--bro349-3ya.ch\/index.php?rest_route=%2Fwp%2Fv2%2Fmedia&parent=925"}],"curies":[{"name":"wp","href":"https:\/\/api.w.org\/{rel}","templated":true}]}}