{"id":110,"date":"2018-08-08T04:42:46","date_gmt":"2018-08-08T04:42:46","guid":{"rendered":"https:\/\/demo.themegrill.com\/zakra-business\/?page_id=110"},"modified":"2021-08-07T13:21:04","modified_gmt":"2021-08-07T13:21:04","slug":"about-us","status":"publish","type":"page","link":"https:\/\/xn--bro349-3ya.ch\/?page_id=110","title":{"rendered":"\u00dcber uns"},"content":{"rendered":"\t\t<div data-elementor-type=\"wp-post\" data-elementor-id=\"110\" class=\"elementor elementor-110\">\n\t\t\t\t\t\t<section class=\"elementor-section elementor-top-section elementor-element elementor-element-e471cfd elementor-section-boxed elementor-section-height-default elementor-section-height-default\" data-id=\"e471cfd\" data-element_type=\"section\" data-e-type=\"section\" data-settings=\"{&quot;background_background&quot;:&quot;classic&quot;}\">\n\t\t\t\t\t\t<div class=\"elementor-container elementor-column-gap-default\">\n\t\t\t\t\t<div class=\"elementor-column elementor-col-33 elementor-top-column elementor-element elementor-element-a020d90\" data-id=\"a020d90\" data-element_type=\"column\" data-e-type=\"column\">\n\t\t\t<div class=\"elementor-widget-wrap\">\n\t\t\t\t\t\t\t<\/div>\n\t\t<\/div>\n\t\t\t\t<div class=\"elementor-column elementor-col-33 elementor-top-column elementor-element elementor-element-3b829a3\" data-id=\"3b829a3\" data-element_type=\"column\" data-e-type=\"column\">\n\t\t\t<div class=\"elementor-widget-wrap elementor-element-populated\">\n\t\t\t\t\t\t<div class=\"elementor-element elementor-element-5357501 elementor-widget elementor-widget-heading\" data-id=\"5357501\" data-element_type=\"widget\" data-e-type=\"widget\" data-widget_type=\"heading.default\">\n\t\t\t\t<div class=\"elementor-widget-container\">\n\t\t\t\t\t<h1 class=\"elementor-heading-title elementor-size-xl\">\u00dcber uns<\/h1>\t\t\t\t<\/div>\n\t\t\t\t<\/div>\n\t\t\t\t<div class=\"elementor-element elementor-element-b107871 elementor-widget elementor-widget-text-editor\" data-id=\"b107871\" data-element_type=\"widget\" data-e-type=\"widget\" data-widget_type=\"text-editor.default\">\n\t\t\t\t<div class=\"elementor-widget-container\">\n\t\t\t\t\t\t\t\t\t<p>Das Ingenieurb\u00fcro B\u00fcro 349 GmbH wurde am 12. Juli 2007 durch Urs Joss und Ren\u00e9 Schulthess gegr\u00fcndet. Urs Joss war bis 2007 Teilhaber des Ingenieurb\u00fcros Hochstrasser Joss Glaus Consulting AG; Ren\u00e9 Schulthess war bis 2009 Inhaber der Totalunternehmung Schulthess &amp; Stoll AG.<\/p><p>Das Ingenieurb\u00fcro B\u00fcro 349 GmbH besch\u00e4ftigt sich vorwiegend mit grossen, komplexen Gewerbe-, Industrie-, Spital- und Dienstleitungsbauten, unter anderem:<\/p><p><span style=\"color: var( --e-global-color-text ); font-family: var( --e-global-typography-text-font-family ), Sans-serif; font-style: inherit; font-size: 1rem;\">Kantonsspital Glarus<br \/>Spital Oberengadin<br \/>Kinderspital Z\u00fcrich<br \/><span style=\"color: var( --e-global-color-text ); font-family: var( --e-global-typography-text-font-family ), Sans-serif; font-style: inherit; font-size: 1rem;\">Spital B\u00fclach<\/span><br \/><span style=\"color: var( --e-global-color-text ); font-family: var( --e-global-typography-text-font-family ), Sans-serif; font-style: inherit; font-size: 1rem;\">REHA-Klinik SUVA Bellikon<\/span><br \/><span style=\"color: var( --e-global-color-text ); font-family: var( --e-global-typography-text-font-family ), Sans-serif; font-style: inherit; font-size: 1rem;\">Polizeigeb\u00e4ude Winterthur<\/span><br \/><span style=\"color: var( --e-global-color-text ); font-family: var( --e-global-typography-text-font-family ), Sans-serif; font-style: inherit; font-size: 1rem;\">Werkhof Winterthur<\/span><br \/><span style=\"color: var( --e-global-color-text ); font-family: var( --e-global-typography-text-font-family ), Sans-serif; font-style: inherit; font-size: 1rem;\">Flughafen Z\u00fcrich<\/span><br \/><span style=\"color: var( --e-global-color-text ); font-family: var( --e-global-typography-text-font-family ), Sans-serif; font-style: inherit; font-size: 1rem;\">Kantonsspital Bruderholz<\/span><br \/><span style=\"color: var( --e-global-color-text ); font-family: var( --e-global-typography-text-font-family ), Sans-serif; font-style: inherit; font-size: 1rem;\">Kantonsspital Liestal<\/span><br \/><span style=\"color: var( --e-global-color-text ); font-family: var( --e-global-typography-text-font-family ), Sans-serif; font-style: inherit; font-size: 1rem;\">Toni-Areal<\/span><br \/><span style=\"color: var( --e-global-color-text ); font-family: var( --e-global-typography-text-font-family ), Sans-serif; font-style: inherit; font-size: 1rem;\">Gastro Star AG (lebensmittelverarbeitende Unternehmung)\u00a0<\/span><\/span><\/p><p><span style=\"font-style: inherit; color: var( --e-global-color-text ); font-family: var( --e-global-typography-text-font-family ), Sans-serif;\">Durch die gute Vernetzung und langj\u00e4hrige Zusammenarbeit mit verschiedenen Haustechnik-Ingenieurb\u00fcros f\u00fcr Heizung, L\u00fcftung, Klima, K\u00e4lte und Elektro ist es m\u00f6glich, der Bauherrschaft neben den einzelnen Leistungen auch ein optimales Generalplanerteam zur Verf\u00fcgung zu stellen.<\/span><\/p>\t\t\t\t\t\t\t\t<\/div>\n\t\t\t\t<\/div>\n\t\t\t\t\t<\/div>\n\t\t<\/div>\n\t\t\t\t<div class=\"elementor-column elementor-col-33 elementor-top-column elementor-element elementor-element-b590d11\" data-id=\"b590d11\" data-element_type=\"column\" data-e-type=\"column\">\n\t\t\t<div class=\"elementor-widget-wrap\">\n\t\t\t\t\t\t\t<\/div>\n\t\t<\/div>\n\t\t\t\t\t<\/div>\n\t\t<\/section>\n\t\t\t\t<\/div>\n\t\t","protected":false},"excerpt":{"rendered":"<p>\u00dcber uns Das Ingenieurb\u00fcro B\u00fcro 349 GmbH wurde am 12. Juli 2007 durch Urs Joss und Ren\u00e9 Schulthess gegr\u00fcndet. Urs Joss war bis 2007 Teilhaber des Ingenieurb\u00fcros Hochstrasser Joss Glaus Consulting AG; Ren\u00e9 Schulthess war bis 2009 Inhaber der Totalunternehmung Schulthess &amp; Stoll AG. Das Ingenieurb\u00fcro B\u00fcro 349 GmbH besch\u00e4ftigt sich vorwiegend mit grossen, komplexen [&hellip;]<\/p>\n","protected":false},"author":1,"featured_media":0,"parent":0,"menu_order":0,"comment_status":"closed","ping_status":"closed","template":"page-templates\/pagebuilder.php","meta":{"zakra_page_container_layout":"stretched","zakra_page_sidebar_layout":"no_sidebar","zakra_remove_content_margin":false,"zakra_sidebar":"customizer","zakra_transparent_header":"0","zakra_logo":0,"zakra_main_header_style":"default","zakra_menu_item_color":"","zakra_menu_item_hover_color":"","zakra_menu_item_active_color":"","zakra_menu_active_style":"style-1","zakra_page_header":false,"footnotes":""},"class_list":["post-110","page","type-page","status-publish","hentry"],"_links":{"self":[{"href":"https:\/\/xn--bro349-3ya.ch\/index.php?rest_route=\/wp\/v2\/pages\/110","targetHints":{"allow":["GET"]}}],"collection":[{"href":"https:\/\/xn--bro349-3ya.ch\/index.php?rest_route=\/wp\/v2\/pages"}],"about":[{"href":"https:\/\/xn--bro349-3ya.ch\/index.php?rest_route=\/wp\/v2\/types\/page"}],"author":[{"embeddable":true,"href":"https:\/\/xn--bro349-3ya.ch\/index.php?rest_route=\/wp\/v2\/users\/1"}],"replies":[{"embeddable":true,"href":"https:\/\/xn--bro349-3ya.ch\/index.php?rest_route=%2Fwp%2Fv2%2Fcomments&post=110"}],"version-history":[{"count":28,"href":"https:\/\/xn--bro349-3ya.ch\/index.php?rest_route=\/wp\/v2\/pages\/110\/revisions"}],"predecessor-version":[{"id":872,"href":"https:\/\/xn--bro349-3ya.ch\/index.php?rest_route=\/wp\/v2\/pages\/110\/revisions\/872"}],"wp:attachment":[{"href":"https:\/\/xn--bro349-3ya.ch\/index.php?rest_route=%2Fwp%2Fv2%2Fmedia&parent=110"}],"curies":[{"name":"wp","href":"https:\/\/api.w.org\/{rel}","templated":true}]}}